{"version":"1.0","provider_name":"SoapBoxOrators.org","provider_url":"https:\/\/soapboxorators.org\/news","author_name":"ElCanillita.info","author_url":"https:\/\/soapboxorators.org\/news\/author\/elcanillita-info\/","title":"\ud83d\udd4a\ufe0f Zumbidos que pueden encender la Guerra - SoapBoxOrators.org","type":"rich","width":600,"height":338,"html":"<blockquote class=\"wp-embedded-content\" data-secret=\"XP9Pfi5gW6\"><a href=\"https:\/\/soapboxorators.org\/news\/2025\/09\/10\/zumbidos-que-pueden-encender-la-guerra\/\">\ud83d\udd4a\ufe0f Zumbidos que pueden encender la Guerra<\/a><\/blockquote><iframe sandbox=\"allow-scripts\" security=\"restricted\" src=\"https:\/\/soapboxorators.org\/news\/2025\/09\/10\/zumbidos-que-pueden-encender-la-guerra\/embed\/#?secret=XP9Pfi5gW6\" width=\"600\" height=\"338\" title=\"&#8220;\ud83d\udd4a\ufe0f Zumbidos que pueden encender la Guerra&#8221; &#8212; SoapBoxOrators.org\" data-secret=\"XP9Pfi5gW6\" frameborder=\"0\" marginwidth=\"0\" marginheight=\"0\" scrolling=\"no\" class=\"wp-embedded-content\"><\/iframe><script type=\"text\/javascript\">\n\/* <![CDATA[ *\/\n\/*! This file is auto-generated *\/\n!function(d,l){\"use strict\";l.querySelector&&d.addEventListener&&\"undefined\"!=typeof URL&&(d.wp=d.wp||{},d.wp.receiveEmbedMessage||(d.wp.receiveEmbedMessage=function(e){var t=e.data;if((t||t.secret||t.message||t.value)&&!\/[^a-zA-Z0-9]\/.test(t.secret)){for(var s,r,n,a=l.querySelectorAll('iframe[data-secret=\"'+t.secret+'\"]'),o=l.querySelectorAll('blockquote[data-secret=\"'+t.secret+'\"]'),c=new RegExp(\"^https?:$\",\"i\"),i=0;i<o.length;i++)o[i].style.display=\"none\";for(i=0;i<a.length;i++)s=a[i],e.source===s.contentWindow&&(s.removeAttribute(\"style\"),\"height\"===t.message?(1e3<(r=parseInt(t.value,10))?r=1e3:~~r<200&&(r=200),s.height=r):\"link\"===t.message&&(r=new URL(s.getAttribute(\"src\")),n=new URL(t.value),c.test(n.protocol))&&n.host===r.host&&l.activeElement===s&&(d.top.location.href=t.value))}},d.addEventListener(\"message\",d.wp.receiveEmbedMessage,!1),l.addEventListener(\"DOMContentLoaded\",function(){for(var e,t,s=l.querySelectorAll(\"iframe.wp-embedded-content\"),r=0;r<s.length;r++)(t=(e=s[r]).getAttribute(\"data-secret\"))||(t=Math.random().toString(36).substring(2,12),e.src+=\"#?secret=\"+t,e.setAttribute(\"data-secret\",t)),e.contentWindow.postMessage({message:\"ready\",secret:t},\"*\")},!1)))}(window,document);\n\/\/# sourceURL=https:\/\/soapboxorators.org\/news\/wp-includes\/js\/wp-embed.min.js\n\/* ]]> *\/\n<\/script>\n","thumbnail_url":"https:\/\/soapboxorators.org\/news\/wp-content\/uploads\/2025\/09\/pol_20250910.jpg","thumbnail_width":600,"thumbnail_height":400,"description":"La crisis m\u00e1s grave desde el inicio de la guerra en Ucrania estall\u00f3 anoche cuando 19 drones rusos violaron el espacio a\u00e9reo polaco. Cazas de Polonia, Pa\u00edses Bajos e Italia los derribaron en una operaci\u00f3n in\u00e9dita de defensa a\u00e9rea. El primer ministro Donald Tusk habl\u00f3 de \u201cprovocaci\u00f3n a gran escala\u201d y pidi\u00f3 activar el Art\u00edculo 4 de la OTAN, advirtiendo que la situaci\u00f3n es \u201cla m\u00e1s peligrosa desde la Segunda Guerra Mundial\u201d. Europa reaccion\u00f3 con condenas un\u00e1nimes: Macron calific\u00f3 el ataque de \u201cinaceptable\u201d, Lituania denunci\u00f3 una \u201cagresi\u00f3n deliberada\u201d y el checo Petr Fiala asegur\u00f3 que Putin \u201cexplora hasta d\u00f3nde puede llegar\u201d. La OTAN se re\u00fane de urgencia en Bruselas. La pregunta que flota es si este \u201czumbido\u201d quedar\u00e1 en ensayo\u2026 o encender\u00e1 una guerra real."}

La crisis más grave desde el inicio de la guerra en Ucrania estalló anoche cuando 19 drones rusos violaron el espacio aéreo polaco. Cazas de Polonia, Países Bajos e Italia los derribaron en una operación inédita de defensa aérea. El primer ministro Donald Tusk habló de “provocación a gran escala” y pidió activar el Artículo 4 de la OTAN, advirtiendo que la situación es “la más peligrosa desde la Segunda Guerra Mundial”. Europa reaccionó con condenas unánimes: Macron calificó el ataque de “inaceptable”, Lituania denunció una “agresión deliberada” y el checo Petr Fiala aseguró que Putin “explora hasta dónde puede llegar”. La OTAN se reúne de urgencia en Bruselas. La pregunta que flota es si este “zumbido” quedará en ensayo… o encenderá una guerra real.
